{"id":119,"date":"2021-01-05T19:34:27","date_gmt":"2021-01-05T18:34:27","guid":{"rendered":"http:\/\/baux.lomari-avocats.fr\/?page_id=119"},"modified":"2021-01-05T20:41:29","modified_gmt":"2021-01-05T19:41:29","slug":"le-cabinet","status":"publish","type":"page","link":"https:\/\/baux.lomari-avocats.fr\/index.php\/le-cabinet\/","title":{"rendered":"Le Cabinet"},"content":{"rendered":"<p>[et_pb_section fb_built=&#8221;1&#8243; admin_label=&#8221;section&#8221; _builder_version=&#8221;3.22&#8243; custom_padding=&#8221;||166px|||&#8221;][et_pb_row _builder_version=&#8221;4.7.7&#8243; _module_preset=&#8221;default&#8221;][et_pb_column type=&#8221;4_4&#8243; _builder_version=&#8221;4.7.7&#8243; _module_preset=&#8221;default&#8221;][et_pb_team_member name=&#8221;Laura-Eva Lomari&#8221; position=&#8221;Avocat&#8221; image_url=&#8221;http:\/\/baux.lomari-avocats.fr\/wp-content\/uploads\/2021\/01\/Photo-LEL-NB.jpg&#8221; _builder_version=&#8221;4.7.7&#8243; _module_preset=&#8221;default&#8221; hover_enabled=&#8221;0&#8243; title_text=&#8221;Photo LEL NB&#8221; sticky_enabled=&#8221;0&#8243;]<\/p>\n<p>Ma\u00eetre Laura-Eva Lomari est avocat au barreau de Saint-Denis<span>\u00a0<\/span><strong>depuis plus de 7 ans\u00a0<\/strong>et dispose d\u2019une double formation en<span>\u00a0<\/span><strong>droit public<\/strong><span>\u00a0<\/span>et en<span>\u00a0<\/span><strong>droit notarial<\/strong>.<\/p>\n<p>Elle tient \u00e0 mettre \u00e0 la disposition de ses clients<span>\u00a0<\/span><strong>des outils innovants et performants<\/strong>.<\/p>\n<blockquote>\n<p><strong>Son parcours :<\/strong><\/p>\n<p>Certificat d\u2019Aptitude \u00e0 la Profession d\u2019Avocat (2012)<\/p>\n<p>Master 2 Droit public (2012)<\/p>\n<p>Major de l\u2019examen d\u2019entr\u00e9e au CRFPA (2010)<\/p>\n<p>Master 2 Droit notarial (2010)<\/p>\n<p>Master 1 Droit priv\u00e9 (2009)<\/p>\n<p>Ancienne charg\u00e9e d&#8217;enseignements \u00e0 l&#8217;Universit\u00e9<\/p>\n<\/blockquote>\n<p>[\/et_pb_team_member][\/et_pb_column][\/et_pb_row][\/et_pb_section]<\/p>\n","protected":false},"excerpt":{"rendered":"<p>[et_pb_section fb_built=&#8221;1&#8243; admin_label=&#8221;section&#8221; _builder_version=&#8221;3.22&#8243; custom_padding=&#8221;||166px|||&#8221;][et_pb_row _builder_version=&#8221;4.7.7&#8243; _module_preset=&#8221;default&#8221;][et_pb_column type=&#8221;4_4&#8243; _builder_version=&#8221;4.7.7&#8243; _module_preset=&#8221;default&#8221;][et_pb_team_member name=&#8221;Laura-Eva Lomari&#8221; position=&#8221;Avocat&#8221; image_url=&#8221;http:\/\/baux.lomari-avocats.fr\/wp-content\/uploads\/2021\/01\/Photo-LEL-NB.jpg&#8221; _builder_version=&#8221;4.7.7&#8243; _module_preset=&#8221;default&#8221; hover_enabled=&#8221;0&#8243; title_text=&#8221;Photo LEL NB&#8221; sticky_enabled=&#8221;0&#8243;] Ma\u00eetre Laura-Eva Lomari est avocat au barreau de Saint-Denis\u00a0depuis plus de 7 ans\u00a0et dispose d\u2019une double formation en\u00a0droit public\u00a0et en\u00a0droit notarial. Elle tient \u00e0 mettre \u00e0 la disposition de ses clients\u00a0des outils innovants et [&hellip;]<\/p>\n","protected":false},"author":1,"featured_media":0,"parent":0,"menu_order":0,"comment_status":"closed","ping_status":"closed","template":"","meta":{"_et_pb_use_builder":"on","_et_pb_old_content":"","_et_gb_content_width":"","spay_email":""},"yoast_head":"<!-- This site is optimized with the Yoast SEO plugin v15.6.2 - https:\/\/yoast.com\/wordpress\/plugins\/seo\/ -->\n<title>Le Cabinet | Lomari Avocat<\/title>\n<meta name=\"robots\" content=\"index, follow, max-snippet:-1, max-image-preview:large, max-video-preview:-1\" \/>\n<link rel=\"canonical\" href=\"https:\/\/baux.lomari-avocats.fr\/index.php\/le-cabinet\/\" \/>\n<meta property=\"og:locale\" content=\"fr_FR\" \/>\n<meta property=\"og:type\" content=\"article\" \/>\n<meta property=\"og:title\" content=\"Le Cabinet | Lomari Avocat\" \/>\n<meta property=\"og:description\" content=\"[et_pb_section fb_built=&#8221;1&#8243; admin_label=&#8221;section&#8221; _builder_version=&#8221;3.22&#8243; custom_padding=&#8221;||166px|||&#8221;][et_pb_row _builder_version=&#8221;4.7.7&#8243; _module_preset=&#8221;default&#8221;][et_pb_column type=&#8221;4_4&#8243; _builder_version=&#8221;4.7.7&#8243; _module_preset=&#8221;default&#8221;][et_pb_team_member name=&#8221;Laura-Eva Lomari&#8221; position=&#8221;Avocat&#8221; image_url=&#8221;http:\/\/baux.lomari-avocats.fr\/wp-content\/uploads\/2021\/01\/Photo-LEL-NB.jpg&#8221; _builder_version=&#8221;4.7.7&#8243; _module_preset=&#8221;default&#8221; hover_enabled=&#8221;0&#8243; title_text=&#8221;Photo LEL NB&#8221; sticky_enabled=&#8221;0&#8243;] Ma\u00eetre Laura-Eva Lomari est avocat au barreau de Saint-Denis\u00a0depuis plus de 7 ans\u00a0et dispose d\u2019une double formation en\u00a0droit public\u00a0et en\u00a0droit notarial. Elle tient \u00e0 mettre \u00e0 la disposition de ses clients\u00a0des outils innovants et [&hellip;]\" \/>\n<meta property=\"og:url\" content=\"https:\/\/baux.lomari-avocats.fr\/index.php\/le-cabinet\/\" \/>\n<meta property=\"og:site_name\" content=\"Lomari Avocat\" \/>\n<meta property=\"article:modified_time\" content=\"2021-01-05T19:41:29+00:00\" \/>\n<meta name=\"twitter:card\" content=\"summary_large_image\" \/>\n<meta name=\"twitter:label1\" content=\"Dur\u00e9e de lecture est.\">\n\t<meta name=\"twitter:data1\" content=\"1 minute\">\n<script type=\"application\/ld+json\" class=\"yoast-schema-graph\">{\"@context\":\"https:\/\/schema.org\",\"@graph\":[{\"@type\":\"Organization\",\"@id\":\"https:\/\/baux.lomari-avocats.fr\/#organization\",\"name\":\"Laura-Eva Lomari - Avocat\",\"url\":\"https:\/\/baux.lomari-avocats.fr\/\",\"sameAs\":[],\"logo\":{\"@type\":\"ImageObject\",\"@id\":\"https:\/\/baux.lomari-avocats.fr\/#logo\",\"inLanguage\":\"fr-FR\",\"url\":\"https:\/\/i1.wp.com\/baux.lomari-avocats.fr\/wp-content\/uploads\/2021\/01\/logo-redimensionne\\u0301-page-001-scaled-e1585582032964-copie.jpg?fit=1632%2C1254&ssl=1\",\"width\":1632,\"height\":1254,\"caption\":\"Laura-Eva Lomari - Avocat\"},\"image\":{\"@id\":\"https:\/\/baux.lomari-avocats.fr\/#logo\"}},{\"@type\":\"WebSite\",\"@id\":\"https:\/\/baux.lomari-avocats.fr\/#website\",\"url\":\"https:\/\/baux.lomari-avocats.fr\/\",\"name\":\"Lomari Avocat\",\"description\":\"La r\\u00e9siliation des baux facilit\\u00e9e\",\"publisher\":{\"@id\":\"https:\/\/baux.lomari-avocats.fr\/#organization\"},\"potentialAction\":[{\"@type\":\"SearchAction\",\"target\":\"https:\/\/baux.lomari-avocats.fr\/?s={search_term_string}\",\"query-input\":\"required name=search_term_string\"}],\"inLanguage\":\"fr-FR\"},{\"@type\":\"WebPage\",\"@id\":\"https:\/\/baux.lomari-avocats.fr\/index.php\/le-cabinet\/#webpage\",\"url\":\"https:\/\/baux.lomari-avocats.fr\/index.php\/le-cabinet\/\",\"name\":\"Le Cabinet | Lomari Avocat\",\"isPartOf\":{\"@id\":\"https:\/\/baux.lomari-avocats.fr\/#website\"},\"datePublished\":\"2021-01-05T18:34:27+00:00\",\"dateModified\":\"2021-01-05T19:41:29+00:00\",\"inLanguage\":\"fr-FR\",\"potentialAction\":[{\"@type\":\"ReadAction\",\"target\":[\"https:\/\/baux.lomari-avocats.fr\/index.php\/le-cabinet\/\"]}]}]}<\/script>\n<!-- \/ Yoast SEO plugin. -->","_links":{"self":[{"href":"https:\/\/baux.lomari-avocats.fr\/index.php\/wp-json\/wp\/v2\/pages\/119"}],"collection":[{"href":"https:\/\/baux.lomari-avocats.fr\/index.php\/wp-json\/wp\/v2\/pages"}],"about":[{"href":"https:\/\/baux.lomari-avocats.fr\/index.php\/wp-json\/wp\/v2\/types\/page"}],"author":[{"embeddable":true,"href":"https:\/\/baux.lomari-avocats.fr\/index.php\/wp-json\/wp\/v2\/users\/1"}],"replies":[{"embeddable":true,"href":"https:\/\/baux.lomari-avocats.fr\/index.php\/wp-json\/wp\/v2\/comments?post=119"}],"version-history":[{"count":0,"href":"https:\/\/baux.lomari-avocats.fr\/index.php\/wp-json\/wp\/v2\/pages\/119\/revisions"}],"wp:attachment":[{"href":"https:\/\/baux.lomari-avocats.fr\/index.php\/wp-json\/wp\/v2\/media?parent=119"}],"curies":[{"name":"wp","href":"https:\/\/api.w.org\/{rel}","templated":true}]}}